{"id":1138,"date":"2015-04-05T18:58:42","date_gmt":"2015-04-05T16:58:42","guid":{"rendered":"http:\/\/www.magister-montium.de\/?page_id=1138"},"modified":"2015-04-05T18:58:42","modified_gmt":"2015-04-05T16:58:42","slug":"vermessung-im-hochmittelalterlichen-bergbau","status":"publish","type":"page","link":"https:\/\/www.magister-montium.de\/?page_id=1138","title":{"rendered":"Vermessung im hochmittelalterlichen Bergbau"},"content":{"rendered":"<p>(oder: ich habe ja schon von moderner Vermessungstechnik keine Ahnung)<\/p>\n<p>Alles fing damit an, dass ich f\u00fcr die Darstellung des Herrn Gemahl und Bergmeisters herausfinden wollte, wie diese Vermessungsseile ausgesehen haben k\u00f6nnten. Wie lang insgesamt? Die Knoten in welchem Abstand? Wie dick war so ein Seil? Wurde es nur aufgenommen transportiert wie ein Kletterseil oder auf einer Rolle?<\/p>\n<p>Nat\u00fcrlich hat man seinen Agricola im Hause, der in seinen B\u00fcchern detailliert erkl\u00e4rt, wie der Bergmeister vermessen hat, zu seiner Zeit und vor seiner Zeit (letzteres eher f\u00fcr uns interessant). Leider beschreibt er das Seil nicht, und man sieht es auch auf keiner seiner sonst so detaillierten Stiche (die ersten schon richtig modernen technischen Zeichnungen \u00fcbrigens).<\/p>\n<p>Also dachte ich, fang mal mit L\u00e4ngenma\u00dfen an. L\u00e4ngenma\u00dfe im Hochmittelalter, heutiges Baden und W\u00fcrttemberg, also was man so als \u201eStauferland\u201c bezeichnet.<\/p>\n<p>Die Internetrecherche ergab durchaus einiges. Einiges sehr allgemeines, was L\u00e4ngenma\u00dfe anging. Einiges sehr detailliertes, was Vermessen anging. Man findet eine Seite wie den \u201eMittelalter-Rechner\u201c, der immerhin noch genaueres wissen will, bevor er rechnet.<br \/>\nIch lernte, dass es \u201eRuten\u201c gab, unter anderem eine 14-Fu\u00df-Feldrute. Sind die mit so einem langen Teil durch die Lande gezogen? \u00dcberhaupt nat\u00fcrlich Wikipedia, z.B. zur \u201eRute\u201c: Ausflug in die historische Geod\u00e4sie mit unglaublich viel Wissen, aber keine oder ganz wenige Angaben zu Jahreszahlen (\u201er\u00f6misch\u201c, \u201emittelalterlich\u201c, \u201eResidenzstadt\u201c \u2026)<\/p>\n<p>Auch auf den Seiten einiger \u201eMittelaltergruppen\u201c werden die Ma\u00dfe behandelt, aber auch hier findet man nur \u00fcbergreifende Angaben.<\/p>\n<p>Schon ganz n\u00fctzlich: \u201eErst im Mittelalter mit seiner Vorliebe f\u00fcr das Duodezimalsystem wurde der Fu\u00df statt in sechzehn in zw\u00f6lf Untereinheiten geteilt.\u201c (Wikipedia). Richtig, das Thema 12er-Einheiten statt heutiger 10er-Einheiten sollte man auch im Hinterkopf haben. Oh jerum.<\/p>\n<p>Weitergeholfen hat mir vor\u00fcbergehend das Lexikon des Mittelalters, Band VI, Suchwort \u201eMa\u00dfe\u201c. Da findet sich tats\u00e4chlich der \u201estaufische Fu\u00df\u201c = 30,40 cm, der als Ma\u00df im Bauwesen gegolten hat.<\/p>\n<p>Bis mich jemand von was anderem \u00fcberzeugt, gehe ich davon aus, dass dieser staufische Fu\u00df nicht nur bei Bauten, sondern auch bei anderen Vermessungsarbeiten G\u00fcltigkeit hatte. Was das Me\u00dfseil angeht, so l\u00e4sst mich auch das Lexikon im Stich. Es taucht zwar bei der \u201eVermessung\u201c noch einmal auf, auch als \u201eRichtschnur (linea), die auch als Knotenschnur f\u00fcr gro\u00dfe L\u00e4ngen benutzt wird\u201c. Hier findet sich aber auch der Hinweis auf die Malereien in der Burgkirche Schwarzrheindorf bei Bonn, bei denen die \u201eVisionen des Ezechiel\u201c mit Vermessungsausr\u00fcstung, deren Anwendung und Bezeichnung dargestellt sein sollen? Diese Kirche werden wir uns bei der n\u00e4chstm\u00f6glichen Gelegenheit mal anschauen m\u00fcssen.<\/p>\n<p>&#8212; wird fortgesetzt &#8212;<\/p>\n","protected":false},"excerpt":{"rendered":"<p>(oder: ich habe ja schon von moderner Vermessungstechnik keine Ahnung) Alles fing damit an, dass ich f\u00fcr die Darstellung des Herrn Gemahl und Bergmeisters herausfinden wollte, wie diese Vermessungsseile ausgesehen haben k\u00f6nnten. Wie lang insgesamt? Die Knoten in welchem Abstand? Wie dick war so ein Seil? Wurde es nur aufgenommen transportiert wie ein Kletterseil oder &hellip; <\/p>\n<p class=\"link-more\"><a href=\"https:\/\/www.magister-montium.de\/?page_id=1138\" class=\"more-link\"><span class=\"screen-reader-text\">\u201eVermessung im hochmittelalterlichen Bergbau\u201c<\/span> weiterlesen<\/a><\/p>\n","protected":false},"author":1,"featured_media":0,"parent":78,"menu_order":0,"comment_status":"closed","ping_status":"closed","template":"","meta":{"footnotes":""},"class_list":["post-1138","page","type-page","status-publish","hentry"],"_links":{"self":[{"href":"https:\/\/www.magister-montium.de\/index.php?rest_route=\/wp\/v2\/pages\/1138","targetHints":{"allow":["GET"]}}],"collection":[{"href":"https:\/\/www.magister-montium.de\/index.php?rest_route=\/wp\/v2\/pages"}],"about":[{"href":"https:\/\/www.magister-montium.de\/index.php?rest_route=\/wp\/v2\/types\/page"}],"author":[{"embeddable":true,"href":"https:\/\/www.magister-montium.de\/index.php?rest_route=\/wp\/v2\/users\/1"}],"replies":[{"embeddable":true,"href":"https:\/\/www.magister-montium.de\/index.php?rest_route=%2Fwp%2Fv2%2Fcomments&post=1138"}],"version-history":[{"count":1,"href":"https:\/\/www.magister-montium.de\/index.php?rest_route=\/wp\/v2\/pages\/1138\/revisions"}],"predecessor-version":[{"id":1139,"href":"https:\/\/www.magister-montium.de\/index.php?rest_route=\/wp\/v2\/pages\/1138\/revisions\/1139"}],"up":[{"embeddable":true,"href":"https:\/\/www.magister-montium.de\/index.php?rest_route=\/wp\/v2\/pages\/78"}],"wp:attachment":[{"href":"https:\/\/www.magister-montium.de\/index.php?rest_route=%2Fwp%2Fv2%2Fmedia&parent=1138"}],"curies":[{"name":"wp","href":"https:\/\/api.w.org\/{rel}","templated":true}]}}